= -14 - n. What is the units digit of h?
5
Let t(x) = x**3 - 8*x**2 + 12*x - 9. Let y be 30/12*4/(-5) + 11. Suppose -y = -2*n + 7. What is the units digit of t(n)?
7
Suppose 0*y - 5*y = 100. Let c = y + 29. What is the tens digit of 75/c*(-2 + 3 + 2)?
2
Let u be (97 - (3 + 0)) + 2 + 1. Let n = u - -196. Suppose -5*t - 2*p = -n, -t + 61 = -p - p. What is the units digit of t?
9
Let p = -73 + 82. Suppose 17 = -4*o + p. What is the tens digit of 129 + 10 + o + 0?
3
Let t(g) = 25*g**2 + 139*g + 28. What is the tens digit of t(10)?
1
Suppose 28012 = 25*l - 230578 - 24560. What is the thousands digit of l?
1
Suppose 0 = 18*f - 76191 - 74577. What is the tens digit of f?
7
Let n = 429 + -403. Suppose -j + l + n = -98, -5*l + 570 = 5*j. What is the tens digit of j?
1
Let b(n) be the third derivative of -n**6/120 - n**5/12 - n**4/24 + 2*n**3 + 5*n**2 + n. What is the tens digit of b(-5)?
1
Suppose 3*k - 4*s = 11, -10 = k - 4*s - 3. Suppose 6*h - k*h - 2*o = -695, 5*h + 5*o - 1155 = 0. What is the hundreds digit of h?
2
Suppose 10*a - 12379 - 25483 = -a. What is the hundreds digit of a?
4
Let n = -13327 + 75152. What is the hundreds digit of n?
8
Let u(o) = 20*o**2 - 123*o + 20. What is the thousands digit of u(16)?
3
Let g = 45741 - -14653. What is the tens digit of g?
9
What is the tens digit of -7 + -3 - (-14377 - 22)?
8
Let k(o) = 7*o - 190. Let d be k(26). Let z(a) = -117*a - 9. What is the tens digit of z(d)?
2
Let n = 7657 + -4320. Suppose 0 = 48*s - n - 1655. What is the hundreds digit of s?
1
Let h(p) = -2*p**3 - 3*p**2 + 7*p + 26. Let n(w) = -4*w**3 - 5*w**2 + 13*w + 53. Let d(b) = 9*h(b) - 4*n(b). What is the tens digit of d(-7)?
8
Suppose 3*t = 2*t + 2, 4*q = 2*t. Let b be 1*q*(-1 - 0/(-2)). What is the tens digit of (b/3)/((-7)/(859 - -2))?
4
Let y = 78 - 1139. Let h = y + 1775. What is the units digit of h?
4
Suppose -216844 = -12*i - 48292. What is the ten thousands digit of i?
1
Let u = -1370 - -2884. Suppose -5*f + k + u = 0, 2*f - 5*k = -2*k + 616. What is the hundreds digit of f?
3
Let i = -66 - -63. Let z(t) be the second derivative of -3*t**3/2 + 3*t**2 + t. What is the units digit of z(i)?
3
Let v(f) = f**3 - 9*f**2 + f - 12. Let r be v(9). Let o(d) = -2*d - 10 - 10*d - d. What is the tens digit of o(r)?
2
Suppose 219*z - 235*z + 928880 = 0. What is the tens digit of z?
5
Let d be 10*1 - (-4 - -7). Let m be -3 + 1 + ((-294)/(-6))/d. Suppose -t = -v + 130, -v + 3*v = m*t + 266. What is the hundreds digit of v?
1
Suppose 0 = 33*i - 24*i - 72. Suppose -i*y = 2*y - 340. What is the tens digit of y?
3
Let h(o) = -50 + 49 + 4*o**2 + o**3 + 3*o + 0*o. Let n be h(-4). Let b = n + 21. What is the units digit of b?
8
Let f be ((-48)/(10/(-5)))/(9/12). Let u = f + -27. Suppose -u*t - 4*t + 1449 = 0. What is the hundreds digit of t?
1
What is the tens digit of 21417/4 + 147/196?
5
Suppose 3*t + 20 = 8*t. Suppose -t*c - 4*d = -296, 378 = 5*c - 0*c + d. What is the units digit of c?
6
What is the tens digit of 811188/(-630)*10/(-6)?
4
Suppose w - 4*t - 182 = 0, 2*w + t = 351 - 14. Suppose -h + 160 = -w. What is the tens digit of h?
3
Let i = -3172 - -5199. What is the hundreds digit of i?
0
What is the units digit of (-123496)/(-104) - 18/39?
7
Let d(u) = -u**2 + 23*u + 112. Let x be d(27). What is the tens digit of 14824/17 + 1*x?
7
Let i be 6*5/10 - -3. Let b be (-1510)/15 + 4/i. What is the units digit of (b/8)/((-6)/132)?
5
Let d be (-4 - -1)*(-4 - (-80)/24). What is the thousands digit of 0 + 2 - (-2132)/d?
1
Suppose -405*l + 14912889 = -6300410 + 4824164. What is the hundreds digit of l?
4
Let n = 2804 - 667. Suppose -5*a + 268 + n = 4*j, -j + 3*a = -580. What is the hundreds digit of j?
5
Suppose 40*k - 2457432 - 684368 = 0. What is the hundreds digit of k?
5
Let c(t) = 74*t**2 - 187*t - 127. What is the tens digit of c(-19)?
4
Let z be ((-84)/(-9) - 9) + 1030/6. Suppose o = 2*j + 158 - 509, -j + z = 3*o. What is the units digit of j?
5
Let f = 699 - 704. What is the tens digit of (-505)/(-1) - f*(6 + -5)?
1
Let z be (7 + (-68)/8)*(0 - -2). Let a(i) = -66*i - 20. What is the tens digit of a(z)?
7
Suppose -18947 = -18*b + 60163. What is the thousands digit of b?
4
Let a(l) be the third derivative of l**5/60 - 2*l**4/3 - 3*l**3/2 + 2*l**2 + 42*l. What is the tens digit of a(30)?
1
Let b(r) = -6*r**2 - 3*r + 8. Let c = -36 - -32. Let o be b(c). What is the units digit of 11/33 - o/6?
3
Let u(h) = -372*h - 1120. What is the units digit of u(-12)?
4
Suppose u - a - 184 = 3*a, 2*u = -a + 332. Suppose 177*r = u*r + 1404. What is the tens digit of r?
5
Suppose t - 57268 = 2*h + 24337, -12 = 4*h. What is the units digit of t?
9
Let m = -341 + 2199. Suppose 5*o - m = -4*y, o = 3*o + 4. What is the tens digit of y?
6
Let v(m) = -1176*m - 2225. What is the ten thousands digit of v(-23)?
2
Suppose 41739 = 3*m + 5*l, 3*m - 30*l - 41745 = -34*l. What is the tens digit of m?
2
Let r(k) be the first derivative of 2*k**3/3 + k**2/2 - 5*k + 1. Let g(h) = h**3 - 8*h**2 + 15*h - 25. Let q be g(6). What is the units digit of r(q)?
6
Let o = 2866 - 522. What is the tens digit of o?
4
Let v = 19836 + -9456. What is the thousands digit of v?
0
Suppose 88 = -8*u + 80. What is the hundreds digit of (u - -1)*8/16 + 267?
2
Suppose -5*q = -3*d - 50072, d + 24735 + 5313 = 3*q. What is the hundreds digit of q?
0
Suppose -2*n - 2*h - 19 = -29, 0 = -4*n - 2*h + 12. Let g = n - -335. What is the tens digit of g?
3
What is the units digit of (-15)/35 + 4 + 4*639079/196?
6
Let c(s) = -s**2 - 22*s + 22. Let o be c(-19). Suppose -o*r - 132 = -81*r. Suppose -r + 51 = -h. What is the tens digit of h?
1
Let q = 21168 + -14095. What is the thousands digit of q?
7
Let o(p) be the first derivative of -11*p**4/2 - p**3/3 - 3*p**2/2 + 146. What is the tens digit of o(-2)?
7
Suppose 0 = 3*j - 5*g - 22743, -j + 5*g = -0*g - 7571. What is the hundreds digit of j?
5
Suppose 22752 = 2*j - 6*n, -j + 7469 = -5*n - 3917. What is the ten thousands digit of j?
1
What is the hundreds digit of 1*(-48)/(-56)*((-442728)/(-16) - -4)?
7
Let w = 2282 - -2663. What is the units digit of w?
5
Suppose -46*r = -50*r + 2336. Suppose 461 = 4*c - u + 4*u, -5*c + 4*u + r = 0. What is the hundreds digit of c?
1
Let b(p) = -5*p**2 + p + 3188. Let c be b(0). Let k = c - 2239. What is the units digit of k?
9
Let f(i) = -i**3 - 12*i**2 - 32*i - 15. Let u be f(-9). What is the thousands digit of 921/(-4 + 138/u)?
1
Let p(o) = 4*o**3 - 15*o**2 - 5*o + 10. Let l be p(4). Suppose -5*t - n + 15 = -9, 0 = -t + 4*n - 12. Let m = t + l. What is the units digit of m?
0
Let b(i) = -4*i**3 + 5*i**2 - 12*i + 4. Let t be b(-12). Suppose -5*a + 230 = -t. What is the hundreds digit of a?
6
Let c(w) = 2*w**3 - 8*w**2 - w**3 + 3 - 2*w**3 - 2*w. Suppose -4*v = -x + 32, 3*v + 30 = 5*x + 6. What is the units digit of c(v)?
9
Suppose 274044 + 775689 = 51*n. What is the ten thousands digit of n?
2
Let s be (36 + -6 + 3)/1. Suppose s*v - 26*v = 3297. What is the units digit of v?
1
What is the thousands digit of (-18)/(-3)*((-3)/12 + (-12698)/(-8))?
9
Let w be (0 + 6)/6 + 1. Suppose 1096 = 4*g - 8*l + 4*l, -5*l = w*g - 569. What is the hundreds digit of g?
2
Let f(t) = -146*t - 3. Suppose 9 = -4*u + z, u + 2 = z - 4. Let d be f(u). Let b = -51 + d. What is the units digit of b?
2
Suppose t + 0*t + 65 = 0. Let n = t + 109. Suppose -n*d + 47*d = 351. What is the hundreds digit of d?
1
Let w(c) = -7*c - 16. Let r be w(7). Let y = r + 70. Suppose -439 = -4*q - 2*l + 65, -3*q = -y*l - 404. What is the units digit of q?
8
Let t(w) = 166*w**3 + 8*w**2 - 28*w + 14. What is the thousands digit of t(3)?
4
Suppose -y + 3*h - 5*h = -7, 0 = 3*y - 3*h - 12. Suppose 4783 = 5*r + z, -y*r + 2707 + 2067 = -2*z. What is the hundreds digit of r?
9
Let u = -453 + 587. Let l = 849 - u. What is the units digit of l?
5
Suppose 52*f - 4 = 53*f. What is the tens digit of 8356/24 - f/(-24)?
4
Let y(c) = -4*c**2 + 15*c - 4. Let p be y(3). Suppose p*f + 3443 = 16*f. What is the units digit of f?
3
Suppose 78*p = 8*p + 752711 + 1083319. What is the hundreds digit of p?
2
Let i be ((-13)/(-52) + (-1)/(-1))*-16. What is the hundreds digit of ((-1243)/44)/((3/i)/3)?
5
Suppose -2*j - 13 + 21 = 0. Suppose -18*r = -j*r - 8120. What is the tens digit of r?
8
Let s be 